on divisor of y and v.
50
Let w(d) = 22*d**2 + 33*d - 285. Let k be w(8). What is the greatest common factor of 133 and k?
19
Let t = 10035 - 9671. Calculate the greatest common factor of 84 and t.
28
Let k(t) = 94*t - 1401. Let w be k(15). Calculate the greatest common divisor of w and 333.
9
Let x(i) = i**3 - 3*i**2 + i - 4. Let z be x(3). Let m be (31 - (-2)/z) + 1. Let n = -991 + 1001. Calculate the greatest common factor of n and m.
10
Let q = 6403 + -6397. What is the highest common factor of q and 627?
3
Let p be (381 - -717) + 14/1. Calculate the greatest common factor of p and 973.
139
Let m = -6 + 16. Let w be 906/m + 9/(270/12). What is the highest common divisor of 13 and w?
13
Let y be ((6/16)/(207/1380))/(1/134). What is the greatest common divisor of y and 5092?
67
Let g(c) = -12*c - 12. Suppose 0 = -5*y + 6*y + 12. Let t be y/(-30) - -3*22/(-15). Let f be g(t). Calculate the highest common factor of 27 and f.
9
Let v be 336/(-294) - (-58)/14. Calculate the greatest common divisor of v and 120.
3
Suppose 80 = 43*r - 23*r. Suppose 2 = 3*o - 7. What is the greatest common divisor of r and o?
1
Let t be (-5 - 25/(-5))*-1. Suppose -3*i + 3 + 12 = t. Suppose 2*q - 56 = 4*g, -g + i - 9 = 0. What is the greatest common factor of q and 140?
20
Suppose 0 = -0*n - 3*n + 15. Let b = 38 - n. Let c be (4*(-1)/7)/((-242040)/(-1848) + -131). Calculate the highest common divisor of b and c.
11
Let r be (-198240)/(-126) - ((-22)/(-48) - 1/8). Calculate the highest common divisor of 143 and r.
143
Let u(z) = 92*z - 3068. Let g be u(34). Let l(w) = -44*w - 4. Let t be l(-6). What is the highest common factor of g and t?
20
Let x be (-2)/(-11) - (7116/(-66) - 4). Let j = -118 + x. Let l be 15/j*(-2)/20*8. Calculate the highest common divisor of 1 and l.
1
Let f = -11 + 46. Let a(t) = 5*t - 33. Let i be a(f). Calculate the highest common factor of i and 355.
71
Suppose 5*u + 72 = -4*m, 2*u - 3*u - 3*m = 21. Let a be u*(-4 - 8/(-3)). What is the greatest common factor of a and 136?
8
Suppose -5*f = 17*f - 792. Let i be ((-64)/36)/((-8)/f). Let j be (-122)/(-3) + (-6)/9. Calculate the greatest common factor of i and j.
8
Suppose -2*k - 5*i + 22 = 0, -k - 3*i + 7 = -5. Suppose -126 = -5*j - k. Calculate the highest common factor of 216 and j.
24
Let v(t) = t**3 - 11*t**2 - 33*t - 46. Let z be v(14). Calculate the greatest common factor of z and 820.
20
Let y(x) = -x**3 - 21*x**2 - 150*x + 21. Let d be y(-21). Calculate the greatest common factor of d and 604.
151
Suppose 84*t - 2660 = 9436. Suppose 0 = 2*y + y - 36. Calculate the highest common factor of t and y.
12
Suppose 0 = 1361*h - 1360*h - 48. Let t(q) = -2*q**2 + 95*q + 123. Let g be t(h). Suppose 2*i = 5*i - 75. What is the greatest common factor of i and g?
25
Let p be 10/(-20) + 1/((-2)/3). Let u be -1*(91 + p + (-8)/(-2)). Let w = 98 + u. Calculate the greatest common factor of 35 and w.
5
Let k = -30703 - -30844. Calculate the greatest common divisor of k and 15.
3
Let r be (-45)/165 + ((-36810)/(-55) - 5). What is the highest common factor of 581 and r?
83
Suppose 12 = 2*f - f. Let h be ((-36)/4 - 3)*10/(-4). Suppose -756 = h*j - 39*j. What is the highest common factor of f and j?
12
Suppose -15*b = 4*k - 12*b - 561, -2*k + 5*b = -235. Calculate the highest common divisor of 384 and k.
3
Let w(q) be the first derivative of -q**3 + 6*q**2 - 8*q + 11. Let b be w(5). Let d = b + 44. Calculate the highest common divisor of 42 and d.
21
Suppose -450 = -5*k + 3*g + 15641, 3*k + 2*g = 9685. What is the highest common factor of 77 and k?
11
Suppose 73*w + 1322055 = 80*w. Let m be 2/(-27) - w/(-729). What is the greatest common divisor of m and 148?
37
Let o be (-396)/(-21) + (-5)/(-35). Suppose -23*g + 52 = -o*g. Calculate the greatest common divisor of 26 and g.
13
Suppose 6*b = -5*k + 59374, -5*k + k - 5*b + 47498 = 0. What is the highest common divisor of 26 and k?
26
Suppose 9 = -3*v + 6*v, -4*i + 64 = -4*v. Calculate the greatest common divisor of i and 17233.
19
Suppose 1174*x - 167175 + 13999 = 34664. Let l = -10 + 30. What is the greatest common divisor of l and x?
20
Let b = 13625 - 4777. Calculate the greatest common divisor of 32 and b.
16
Let a(q) = q**3 + 14*q**2 + 8*q + 5. Let n be a(-13). Suppose 0 = -0*f - 2*f + 20. What is the greatest common factor of f and n?
10
Let n be (358/(-30))/(116/(-10730)) - 2/(-12). What is the highest common factor of 36 and n?
12
Let q(o) = -o**2 - 13*o + 53. Let f be q(-16). Suppose -2*l + 100 = -v, 7*l = 3*l + f*v + 188. What is the highest common factor of 117 and l?
13
Let h(a) = a**3 - 11*a**2 + 6*a - 60. Let v be h(11). Suppose -3*m + 5*w + 79 = -54, -93 = -3*m - 3*w. What is the greatest common factor of v and m?
6
Suppose z - 4*m = 180, 0 = 562*z - 557*z - 3*m - 900. Calculate the greatest common factor of z and 78.
6
Let z(w) = 6 + 8 + 16*w - 15*w + 1. Let o be z(-8). Suppose 3*f + 104 = o*f. Calculate the greatest common divisor of 65 and f.
13
Suppose 0 = -8*g + 26 - 10. Suppose 4*h - 6 = -2, 3*i - 11 = -g*h. Suppose 48 = 3*v - 3*b, i*v + b + 3*b = 41. Calculate the greatest common divisor of v and 3.
3
Let t = -354 - -358. Suppose -14*i + 10*i - 4 = 0, -3*u - t*i = -293. Calculate the greatest common divisor of 264 and u.
33
Let w be (-297)/55 + 5 + (-72)/(-5) + 6. Calculate the highest common factor of w and 9670.
10
Let s be 22948/15 + 10/75. Suppose -7*r + 2*r = -s. Calculate the highest common factor of r and 408.
102
Let l = -142 + 252. Calculate the greatest common divisor of l and 470.
10
Let c(q) = 2*q**2 + 9*q - 14. Let k be c(-6). Suppose -7*m + 350 = h - k*m, -3*h + 998 = -4*m. What is the highest common divisor of h and 26?
26
Let k(x) be the first derivative of x**3/3 - x**2 + 3*x - 2. Let f be -1*6/9*(-105)/14. Let g be k(f). Calculate the greatest common divisor of g and 6.
6
Let k be (-1)/(0 - 1/10). Let n be 2/9 - (1862/(-126) - -9). Suppose 2*d + 5*s = 45, 2*d - n*s + s = -5. Calculate the greatest common divisor of d and k.
10
Suppose h = 3*x + 33, -4*h - 4*x = -48 - 36. Let f be 3*13/(-78) - 243/(-6). Calculate the highest common factor of h and f.
8
Let j(w) = -11*w - 113. Suppose 5*m + 64 = -101. Let n be j(m). Calculate the highest common factor of 150 and n.
50
Suppose -n = -4*g + 1723, -n = -4*g + 2*n + 1713. Suppose -43*r + 66 = 4*o - 40*r, r = 5*o - 35. Calculate the greatest common divisor of o and g.
9
Let j = -14139 - -14594. Calculate the highest common factor of 3835 and j.
65
Suppose -5*h + 43 = -3*u, 2*h - 3*u + 6*u = 34. Let k be -3*(-30 + -2 + 8/(-8)). What is the highest common factor of k and h?
11
Suppose -4*l + 3*l = -192. Suppose 0 = t + 2, -5*t + 470 = 4*r + l. Suppose 0 = 399*o - 83*o - 2144 - 3544. What is the highest common factor of o and r?
18
Suppose 30*b - 1150 + 160 = 0. What is the greatest common factor of 8943 and b?
33
Let o = 6693 - 6660. What is the greatest common factor of o and 192?
3
Suppose -8*s - 3842 = -3*p - 10*s, 4*s = -3*p + 3856. Calculate the highest common factor of 88 and p.
44
Suppose -4*j + 0*j + 5*r = -313, 5*r + 385 = 5*j. Suppose 90 = 5*i - 5*c, 2*i - 6*i = -3*c - j. Calculate the greatest common divisor of 72 and i.
18
Suppose -4*o - 346 + 450 = 0. Suppose -96 = -v + t, -2*t = 4*v + 2*t - 344. What is the highest common factor of v and o?
13
Let y = -596 - -630. Calculate the highest common factor of 68 and y.
34
Suppose 5*x - 70*j - 790 = -75*j, 0 = -x - 5*j + 146. Calculate the greatest common divisor of 2507 and x.
23
Let l be 4/6*((-11)/(-2) - 1). Suppose 3*q - 342 = h, -l*h = -5*h + 6. What is the highest common factor of 23 and q?
23
Let i = 236 - 184. Suppose i*s - 46*s - 270 = 0. What is the highest common factor of s and 60?
15
Let v = 7876 - 7807. Calculate the highest common factor of v and 2.
1
Suppose 49*r - 47*r - 1194 = -2*m, 2922 = 5*r - 4*m. Calculate the highest common divisor of 50 and r.
10
Let d be ((-155)/(-20))/((-1)/(-4)). Let k(p) = p**3 - 3*p**2 - 10*p + 76. Let c be k(6). Calculate the highest common factor of c and d.
31
Suppose s = -2*r + 6091, -12*s + 2*r = -9*s - 18249. Calculate the greatest common divisor of 5 and s.
5
Let d(z) = -z**2 - 902*z + 1812. Let l be d(2). What is the greatest common divisor of 13 and l?
1
Let q = 5 -